 to base 9.
-21
-8 (base 12) to base 2
-1000
4 (base 11) to base 10
4
What is -10 (base 2) in base 7?
-2
Convert -31 (base 6) to base 10.
-19
Convert 139 (base 11) to base 13.
c7
What is 12 (base 6) in base 10?
8
Convert 1a (base 15) to base 7.
34
-110 (base 3) to base 7
-15
What is 47 (base 9) in base 6?
111
4 (base 9) to base 16
4
What is 4 (base 10) in base 2?
100
3 (base 6) to base 7
3
What is -c (base 14) in base 13?
-c
Convert -5 (base 7) to base 2.
-101
Convert 14 (base 10) to base 2.
1110
14 (base 6) to base 7
13
69 (base 13) to base 6
223
Convert -1214 (base 5) to base 13.
-112
8 (base 12) to base 5
13
Convert 3 (base 13) to base 11.
3
What is -15 (base 11) in base 5?
-31
What is 2 (base 10) in base 4?
2
-42 (base 5) to base 14
-18
Convert 3 (base 5) to base 9.
3
2 (base 7) to base 14
2
-48 (base 10) to base 6
-120
What is 110010 (base 2) in base 13?
3b
-3 (base 12) to base 6
-3
What is 6 (base 7) in base 9?
6
Convert 4 (base 7) to base 9.
4
-3 (base 8) to base 6
-3
Convert -12 (base 10) to base 11.
-11
What is -101 (base 4) in base 6?
-25
-3 (base 9) to base 12
-3
Convert 31 (base 9) to base 15.
1d
What is 55 (base 14) in base 8?
113
What is 0 (base 7) in base 5?
0
What is -35 (base 9) in base 5?
-112
-4 (base 10) to base 2
-100
What is 11200 (base 3) in base 8?
176
Convert -32 (base 6) to base 16.
-14
17 (base 11) to base 6
30
3 (base 4) to base 16
3
6a (base 16) to base 2
1101010
-12 (base 10) to base 3
-110
-3 (base 9) to base 2
-11
What is -133 (base 11) in base 14?
-b3
What is -10 (base 2) in base 16?
-2
23 (base 6) to base 10
15
What is -12 (base 10) in base 11?
-11
Convert -138 (base 10) to base 14.
-9c
1323 (base 4) to base 2
1111011
What is 1101 (base 2) in base 14?
d
351 (base 6) to base 13
a9
Convert 1020 (base 3) to base 11.
30
242 (base 5) to base 15
4c
What is 8 (base 14) in base 9?
8
Convert 211 (base 6) to base 2.
1001111
Convert -10 (base 2) to base 5.
-2
Convert -3 (base 15) to base 7.
-3
What is -24 (base 9) in base 8?
-26
-2 (base 8) to base 4
-2
What is 31 (base 13) in base 5?
130
-5 (base 12) to base 13
-5
5 (base 13) to base 8
5
What is 10 (base 6) in base 10?
6
Convert 3 (base 8) to base 2.
11
1 (base 16) to base 10
1
Convert 3 (base 13) to base 11.
3
Convert -102 (base 5) to base 14.
-1d
-67 (base 13) to base 15
-5a
What is -34 (base 7) in base 14?
-1b
Convert -17 (base 8) to base 5.
-30
What is 5c (base 15) in base 8?
127
Convert -101 (base 2) to base 6.
-5
-b (base 16) to base 15
-b
What is -e4 (base 15) in base 3?
-21221
Convert 12 (base 16) to base 11.
17
Convert 3 (base 14) to base 7.
3
168 (base 14) to base 8
440
Convert b (base 12) to base 16.
b
Convert 3 (base 13) to base 7.
3
1b (base 13) to base 4
120
-20 (base 9) to base 4
-102
-c (base 16) to base 7
-15
Convert -3 (base 14) to base 8.
-3
What is 0 (base 4) in base 10?
0
-214 (base 5) to base 14
-43
Convert -10 (base 4) to base 6.
-4
What is 1 (base 16) in base 7?
1
-14 (base 14) to base 11
-17
Convert 5 (base 10) to base 13.
5
What is -112 (base 5) in base 12?
-28
41 (base 7) to base 14
21
Convert -9 (base 14) to base 3.
-100
What is -1 (base 9) in base 2?
-1
Convert 5 (base 9) to base 7.
5
4 (base 6) to base 15
4
10 (base 5) to base 9
5
Convert 1234 (base 5) to base 15.
ce
-5c (base 14) to base 4
-1102
-28 (base 15) to base 5
-123
-13 (base 5) to base 4
-20
151 (base 10) to base 15
a1
-1233 (base 4) to base 10
-111
Convert -e (base 16) to base 11.
-13
Convert -45 (base 13) to base 9.
-63
What is -201 (base 3) in base 4?
-103
Convert 120 (base 3) to base 15.
10
What is -3 (base 6) in base 4?
-3
Convert -131 (base 8) to base 14.
-65
What is 60 (base 14) in base 13?
66
What is 22 (base 3) in base 11?
8
-1 (base 10) to base 11
-1
What is 10 (base 7) in base 5?
12
Convert -1 (base 6) to base 8.
-1
What is -22 (base 10) in base 12?
-1a
Convert -22 (base 9) to base 6.
-32
What is -4 (base 10) in base 6?
-4
Convert -1100 (base 3) to base 2.
-100100
What is 114 (base 5) in base 14?
26
0 (base 10) to base 13
0
1 (base 12) to base 4
1
What is 0 (base 10) in base 3?
0
What is -74 (base 9) in base 7?
-124
What is 3 (base 4) in base 3?
10
What is -1100010 (base 2) in base 3?
-10122
Convert -100010 (base 2) to base 6.
-54
What is -4 (base 10) in base 3?
-11
Convert 8d (base 14) to base 5.
1000
Convert -11 (base 2) to base 12.
-3
Convert 102 (base 4) to base 7.
24
-125 (base 6) to base 3
-1222
What is 0 (base 6) in base 12?
0
What is 2 (base 16) in base 8?
2
What is 2b (base 16) in base 14?
31
5 (base 10) to base 14
5
Convert -216 (base 7) to base 13.
-87
Convert 7 (base 9) to base 14.
7
Convert 3 (base 4) to base 2.
11
Convert -15 (base 14) to base 4.
-103
What is -12 (base 4) in base 15?
-6
-114 (base 10) to base 7
-222
-2 (base 4) to base 16
-2
What is 5 (base 7) in base 16?
5
What is -2 (base 16) in base 10?
-2
-303 (base 8) to base 3
-21020
What is 4 (base 11) in base 6?
4
Convert 10010011 (base 2) to base 15.
9c
-2202 (base 5) to base 2
-100101110
3 (base 5) to base 7
3
What is 25 (base 11) in base 5?
102
-17 (base 13) to base 6
-32
2 (base 14) to base 3
2
13 (base 7) to base 16
a
-333 (base 4) to base 2
-111111
Convert -3 (base 15) to base 2.
-11
54 (base 10) to base 12
46
Convert 6 (base 9) to base 15.
6
What is 3 (base 13) in base 7?
3
Convert -34 (base 16) to base 12.
-44
What is -2 (base 13) in base 11?
-2
2 (base 6) to base 5
2
Convert 5 (base 9) to base 2.
101
What is -1 (base 7) in base 10?
-1
8 (base 9) to base 3
22
What is -4 (base 13) in base 3?
-11
-6 (base 16) to base 15
-6
-1 (base 7) to base 6
-1
What is -2 (base 4) in base 5?
-2
96 (base 15) to base 8
215
What is 22 (base 12) in base 15?
1b
What is -3 (base 8) in base 5?
-3
What is 9 (base 12) in base 7?
12
-2 (base 13) to base 10
-2
What is 46 (base 9) in base 6?
110
3 (base 6) to base 9
3
92 (base 12) to base 16
6e
What is 18 (base 14) in base 7?
31
What is 1311 (base 4) in base 16?
75
Convert -9a (base 15) to base 9.
-171
What is 11 (base 15) in base 13?
13
What is -11 (base 4) in base 15?
-5
What is 3 (base 5) in base 3?
10
Convert -11110 (base 2) to base 4.
-132
What is 6 (base 11) in base 16?
6
-9 (base 10) to base 3
-100
What is -7 (base 11) in base 5?
-12
Convert 3 (base 4) to base 16.
3
212 (base 3) to base 13
1a
What is 311 (base 4) in base 8?
65
-8 (base 11) to base 3
-22
1 (base 7) to base 6
1
Convert 341 (base 7) to base 14.
c8
Convert -6b (base 16) to base 10.
-107
Convert 0 (base 12) to base 9.
0
What is -3 (base 8) in base 7?
-3
Convert 10 (base 13) to base 6.
21
110 (base 2) to base 12
6
-12 (base 16) to base 13
-15
What is -8 (base 12) in base 4?
-20
Convert -14 (base 8) to base 10.
-12
Convert -13 (base 6) to base 12.
-9
What is -3 (base 4) in base 8?
-3
What is -3 (base 5) in base 16?
-3
What is 1 (base 16) in base 10?
1
What is 3 (base 5) in base 15?
3
Convert -78 (base 15) to base 11.
-a3
-2 (base 8) to base 2
-10
Convert -4 (base 5) to base 12.
-4
Convert 2 (base 15) to base 7.
2
12 (base 5) to base 4
13
Convert 13 (base 5) to base 8.
10
-1 (base 16) to base 6
-1
Convert 1022 (base 3) to base 16.
23
What is 31 (base 8) in base 3?
221
Convert 0 (base 9) to base 16.
0
What is 12 (base 3) in base 7?
5
1 (base 15) to base 8
1
8 (base 10) to base 11
8
Convert -23 (base 7) to base 14.
-13
What is 3 (base 4) in base 15?
3
What is 44 (base 9) in base 13?
31
45 (base 16) to base 7
126
11 (base 3) to base 14
4
What is -10110010 (base 2) in base 9?
-217
Convert 11 (base 16) to base 7.
23
Convert 30 (base 12) to base 14.
28
Convert 11 (base 2) to base 6.
3
81 (base 12) to base 15
67
What is 20 (base 3) in base 16?
6
Convert aa (base 12) to base 7.
244
4 (base 7) to base 11
4
-2 (base 5) to base 4
-2
What is 3 (base 11) in base 12?
3
1000 (base 2) to base 9
8
-1 (base 2) to base 6
-1
Convert -1 (base 12) to base 8.
-1
Convert -20 (base 4) to base 11.
-8
4 (base 13) to base 8
4
Convert -319 (base 10) to base 9.
-384
2 (base 7) to base 15
2
What is 11 (base 3) in base 14?
4
What is 21 (base 7) in base 16?
f
What is 76 (base 12) in base 9?
110
-14 (base 5) to base 16
-9
Convert -12 (base 4) to base 9.
-6
-110 (base 2) to base 3
-20
What is -6 (base 7) in base 11?
-6
What is 2 (base 14) in base 10?
2
-14 (base 5) to base 11
-9
Convert 2 (base 4) to base 6.
2
Convert 5 (base 8) to